ivided by 365?
363
Calculate the remainder when 15382 is divided by 961.
6
What is the remainder when 71796 is divided by 91?
88
What is the remainder when 48295 is divided by 48077?
218
Calculate the remainder when 11743 is divided by 1709.
1489
Calculate the remainder when 132276 is divided by 624.
612
What is the remainder when 559 is divided by 552?
7
Calculate the remainder when 18641 is divided by 1553.
5
What is the remainder when 145768 is divided by 226?
224
What is the remainder when 6170 is divided by 294?
290
Calculate the remainder when 25031 is divided by 18.
11
Calculate the remainder when 6316048 is divided by 395.
393
What is the remainder when 363592 is divided by 599?
598
What is the remainder when 589145 is divided by 447?
446
What is the remainder when 1794791 is divided by 1001?
999
Calculate the remainder when 7873 is divided by 140.
33
Calculate the remainder when 643207 is divided by 372.
19
Calculate the remainder when 1519 is divided by 146.
59
What is the remainder when 67544 is divided by 171?
170
Calculate the remainder when 11156 is divided by 88.
68
What is the remainder when 77954 is divided by 12980?
74
Calculate the remainder when 43453 is divided by 161.
144
Calculate the remainder when 11786 is divided by 311.
279
What is the remainder when 1706 is divided by 457?
335
Calculate the remainder when 65648 is divided by 21669.
641
Calculate the remainder when 59416 is divided by 1563.
22
Calculate the remainder when 1645 is divided by 129.
97
Calculate the remainder when 9742 is divided by 1203.
118
What is the remainder when 1675 is divided by 161?
65
Calculate the remainder when 43940 is divided by 745.
730
What is the remainder when 16865 is divided by 1542?
1445
Calculate the remainder when 48048 is divided by 563.
193
What is the remainder when 2519 is divided by 321?
272
Calculate the remainder when 2330 is divided by 2284.
46
What is the remainder when 236805 is divided by 13?
10
What is the remainder when 54614 is divided by 18202?
8
What is the remainder when 52167 is divided by 600?
567
Calculate the remainder when 317687 is divided by 154.
139
Calculate the remainder when 2575 is divided by 262.
217
What is the remainder when 84749 is divided by 15?
14
Calculate the remainder when 10791 is divided by 14.
11
Calculate the remainder when 14266 is divided by 142.
66
Calculate the remainder when 5483 is divided by 1817.
32
Calculate the remainder when 6371 is divided by 59.
58
What is the remainder when 2237 is divided by 674?
215
What is the remainder when 827031 is divided by 299?
296
Calculate the remainder when 4432 is divided by 1456.
64
Calculate the remainder when 6711 is divided by 326.
191
What is the remainder when 100838 is divided by 38?
24
Calculate the remainder when 66912 is divided by 815.
82
What is the remainder when 8100 is divided by 219?
216
Calculate the remainder when 1479 is divided by 303.
267
What is the remainder when 49523 is divided by 4502?
1
What is the remainder when 22605 is divided by 279?
6
Calculate the remainder when 3110 is divided by 626.
606
Calculate the remainder when 177665 is divided by 47.
5
What is the remainder when 8162 is divided by 1998?
170
What is the remainder when 2591 is divided by 52?
43
What is the remainder when 9143 is divided by 702?
17
Calculate the remainder when 841 is divided by 183.
109
Calculate the remainder when 10406 is divided by 390.
266
Calculate the remainder when 11101 is divided by 429.
376
Calculate the remainder when 10559 is divided by 2605.
139
What is the remainder when 2025356 is divided by 1044?
1040
Calculate the remainder when 789 is divided by 137.
104
What is the remainder when 157192 is divided by 78590?
12
Calculate the remainder when 5007 is divided by 334.
331
Calculate the remainder when 301476 is divided by 101.
92
Calculate the remainder when 4388 is divided by 51.
2
Calculate the remainder when 54929 is divided by 670.
659
Calculate the remainder when 1413746 is divided by 235623.
8
What is the remainder when 16608 is divided by 2765?
18
What is the remainder when 1578 is divided by 213?
87
Calculate the remainder when 14449 is divided by 52.
45
Calculate the remainder when 650 is divided by 490.
160
Calculate the remainder when 15557 is divided by 1117.
1036
Calculate the remainder when 2002906 is divided by 11.
4
Calculate the remainder when 31082 is divided by 216.
194
What is the remainder when 26573 is divided by 302?
299
Calculate the remainder when 16390 is divided by 3278.
0
Calculate the remainder when 4618 is divided by 55.
53
Calculate the remainder when 115698 is divided by 325.
323
Calculate the remainder when 984010 is divided by 229.
226
What is the remainder when 1221 is divided by 285?
81
Calculate the remainder when 2353588 is divided by 54.
52
Calculate the remainder when 1800 is divided by 31.
2
Calculate the remainder when 114860 is divided by 23.
21
What is the remainder when 366 is divided by 16?
14
Calculate the remainder when 4890 is divided by 96.
90
What is the remainder when 6685 is divided by 84?
49
What is the remainder when 3632 is divided by 1179?
95
Calculate the remainder when 35614 is divided by 146.
136
What is the remainder when 11552 is divided by 31?
20
Calculate the remainder when 25683 is divided by 68.
47
Calculate the remainder when 39645 is divided by 9542.
1477
Calculate the remainder when 18993 is divided by 905.
893
What is the remainder when 156518 is divided by 153?
152
Calculate the remainder when 15797 is divided by 672.
341
What is the remainder when 5960828 is divided by 413?
412
What is the remainder when 33789 is divided by 221?
197
What is the remainder when 64684 is divided by 311?
307
Calculate the remainder when 190328 is divided by 12.
8
What is the remainder when 8049 is divided by 1607?
14
What is the remainder when 3178 is divided by 956?
310
What is the remainder when 1482 is divided by 564?
354
What is the remainder when 53109 is divided by 48?
21
Calculate the remainder when 6844 is divided by 3422.
0
What is the remainder when 16728 is divided by 188?
184
Calculate the remainder when 21078 is divided by 386.
234
Calculate the remainder when 1232 is divided by 1057.
175
What is the remainder when 2018 is divided by 513?
479
What is the remainder when 6855 is divided by 855?
15
What is the remainder when 85618 is divided by 28?
22
Calculate the remainder when 973 is divided by 126.
91
What is the remainder when 680 is divided by 84?
8
Calculate the remainder when 5290 is divided by 380.
350
What is the remainder when 2234 is divided by 137?
42
What is the remainder when 188232 is divided by 94114?
4
What is the remainder when 20389 is divided by 300?
289
What is the remainder when 9046 is divided by 4523?
0
What is the remainder when 7809 is divided by 869?
857
Calculate the remainder when 6989 is divided by 219.
200
Calculate the remainder when 10711 is divided by 828.
775
What is the remainder when 14019 is divided by 5?
4
Calculate the remainder when 65395 is divided by 22.
11
Calculate the remainder when 5581 is divided by 27.
19
What is the remainder when 7798 is divided by 177?
10
What is the remainder when 300885 is divided by 703?
1
Calculate the remainder when 79214 is divided by 4.
2
What is the remainder when 174 is divided by 66?
42
Calculate the remainder when 3129 is divided by 519.
15
Calculate the remainder when 146703 is divided by 173.
172
What is the remainder when 544109 is divided by 943?
941
Calculate the remainder when 1671 is divided by 829.
13
What is the remainder when 286162 is divided by 1223?
1203
What is the remainder when 124011 is divided by 28?
27
What is the remainder when 178622 is divided by 2350?
22
What is the remainder when 322025 is divided by 134?
23
What is the remainder when 8762 is divided by 2845?
227
What is the remainder when 3232 is divided by 27?
19
What is the remainder when 1050558 is divided by 980?
978
What is the remainder when 26221 is divided by 8739?
4
Calculate the remainder when 308852 is divided by 9.
8
Calculate the remainder when 14898 is divided by 7425.
48
What is the remainder when 3639 is divided by 526?
483
Calculate the remainder when 37803 is divided by 95.
88
Calculate the r